are the prime factors of 65346454?
2, 29, 1126663
What are the prime factors of 632328652?
2, 158082163
What are the prime factors of 2354800771?
421, 5593351
What are the prime factors of 629415171?
3, 7, 11, 23, 13163
What are the prime factors of 705456601?
67, 547, 19249
What are the prime factors of 562290983?
562290983
What are the prime factors of 110714667?
3, 7, 753161
List the prime factors of 313952061.
3, 1933, 54139
List the prime factors of 117285684.
2, 3, 571, 17117
What are the prime factors of 842095758?
2, 3, 7, 1699, 11801
What are the prime factors of 646561940?
2, 5, 32328097
What are the prime factors of 6071007140?
2, 5, 11, 31, 890177
List the prime factors of 787762190.
2, 5, 23, 37, 92569
What are the prime factors of 202223048?
2, 25277881
List the prime factors of 8403929666.
2, 11, 381996803
What are the prime factors of 5787526433?
13, 29, 15351529
List the prime factors of 86706774.
2, 3, 7, 11, 331
What are the prime factors of 48818062?
2, 149, 163819
What are the prime factors of 9632657?
67, 109, 1319
List the prime factors of 90843814.
2, 1013, 44839
What are the prime factors of 165271709?
19, 733, 11867
What are the prime factors of 4306531534?
2, 2153265767
What are the prime factors of 3887879?
739, 5261
List the prime factors of 72369083.
72369083
What are the prime factors of 311651742?
2, 3, 31, 41, 40867
List the prime factors of 50900469.
3, 193, 87911
What are the prime factors of 761134613?
761134613
List the prime factors of 278839142.
2, 8819, 15809
What are the prime factors of 40335634?
2, 43, 463, 1013
List the prime factors of 6516003847.
6516003847
List the prime factors of 674800743.
3, 107, 2102183
List the prime factors of 221554627.
7, 4521523
List the prime factors of 1172622356.
2, 293155589
What are the prime factors of 1043287948?
2, 19, 13727473
What are the prime factors of 65699938?
2, 37, 887837
What are the prime factors of 62681046?
2, 3, 41, 67, 3803
List the prime factors of 144372276.
2, 3, 307, 13063
What are the prime factors of 1293190589?
37, 34951097
List the prime factors of 7444580569.
7444580569
What are the prime factors of 21397020?
2, 3, 5, 227, 1571
List the prime factors of 1927304932.
2, 7, 53, 1298723
What are the prime factors of 54079839?
3, 11, 17, 10711
List the prime factors of 49215035.
5, 19, 139, 3727
What are the prime factors of 89906856?
2, 3, 13, 127, 2269
What are the prime factors of 30106255?
5, 977, 6163
What are the prime factors of 203094023?
11, 1678463
What are the prime factors of 108094636?
2, 13, 17, 122279
List the prime factors of 28584722.
2, 23, 61, 167
List the prime factors of 554295456.
2, 3, 11, 13, 43, 313
What are the prime factors of 195652756?
2, 13, 101, 37253
List the prime factors of 16329561.
3, 5443187
List the prime factors of 26318369.
7, 11, 53, 6449
List the prime factors of 60026403.
3, 20008801
List the prime factors of 4876272146.
2, 17, 8436457
What are the prime factors of 23199525?
3, 5, 23, 4483
What are the prime factors of 76176104?
2, 9522013
What are the prime factors of 214103248?
2, 19, 704287
List the prime factors of 51202095.
3, 5, 7, 337, 1447
List the prime factors of 1308108669.
3, 7, 257, 242377
List the prime factors of 2194626003.
3, 5107, 143243
List the prime factors of 4288788927.
3, 19, 2999, 8363
List the prime factors of 237620017.
237620017
What are the prime factors of 1459937018?
2, 383, 1905923
What are the prime factors of 88356944?
2, 13, 31, 71, 193
List the prime factors of 30641071.
151, 202921
List the prime factors of 199504490.
2, 5, 947, 21067
What are the prime factors of 3670512669?
3, 113, 487, 7411
List the prime factors of 1632510067.
877, 1861471
List the prime factors of 296724047.
296724047
What are the prime factors of 16908171?
3, 7, 103, 7817
What are the prime factors of 10238898?
2, 3, 1706483
What are the prime factors of 78213401?
7, 11173343
What are the prime factors of 323120325?
3, 5, 11, 391661
What are the prime factors of 89347799?
47, 337, 5641
List the prime factors of 26694213.
3, 7, 13, 277, 353
List the prime factors of 47265983.
37, 53, 24103
List the prime factors of 588742983.
3, 23, 431, 6599
List the prime factors of 386666400.
2, 3, 5, 73, 2207
What are the prime factors of 549425?
5, 21977
What are the prime factors of 3330168003?
3, 370018667
List the prime factors of 38389915.
5, 1103, 6961
List the prime factors of 785781534.
2, 3, 89, 1471501
List the prime factors of 259251259.
659, 393401
What are the prime factors of 2468523556?
2, 17, 2135401
List the prime factors of 867788760.
2, 3, 5, 173, 41801
What are the prime factors of 649592054?
2, 29, 37, 421, 719
What are the prime factors of 183237608?
2, 199, 115099
What are the prime factors of 1169344176?
2, 3, 7, 11, 13, 24337
What are the prime factors of 151298725?
5, 17, 43, 487
List the prime factors of 434039809.
7, 863, 71849
What are the prime factors of 180213439?
7, 647, 39791
What are the prime factors of 3197130117?
3, 1065710039
List the prime factors of 162004154.
2, 13, 6230929
What are the prime factors of 192206384?
2, 67, 193, 929
What are the prime factors of 23243281?
3019, 7699
List the prime factors of 128943280.
2, 5, 29, 55579
List the prime factors of 730248782.
2, 59, 103, 60083
What are the prime factors of 1432858548?
2, 3, 11, 83, 130783
What are the prime factors of 62187283?
41, 1516763
List the prime factors of 20909244.
2, 3, 73, 23869
What are the prime factors of 970916753?
89, 617, 17681
What are the prime factors of 35341664?
2, 1104427
List the prime factors of 52558055.
5, 11, 955601
What are the prime factors of 618416741?
47, 13157803
List the prime factors of 5335360974.
2, 3, 61, 179969
What are the prime factors of 16423848?
2, 3, 7, 32587
What are the prime factors of 520978231?
7069, 73699
List the prime factors of 2503523143.
11, 61, 839, 4447
What are the prime factors of 1034088818?
2, 7, 17, 431, 593
What are the prime factors of 184366549?
184366549
List the prime factors of 12141964.
2, 59, 51449
What are the prime factors of 276717244?
2, 4751, 14561
What are the prime factors of 21770351?
23, 59, 61, 263
List the prime factors of 37824556.
2, 7, 11, 227, 541
What are the prime factors of 69314837?
79, 877403
What are the prime factors of 402049136?
2, 4517, 5563
List the prime factors of 574931315.
5, 7, 41, 521, 769
What are the prime factors of 125885966?
2, 2389, 26347
List the prime factors of 22460202.
2, 3, 73, 17093
List the prime factors of 77201969.
13, 5938613
What are the prime factors of 72504896?
2, 883, 1283
What are the prime factors of 89526350?
2, 5, 23, 77849
What are the prime factors of 546675617?
546675617
What are the prime factors of 35159698?
2, 7, 2511407
What are the prime factors of 818588873?
818588873
What are the prime factors of 863271282?
2, 3, 23, 67, 73, 1279
List the prime factors of 1978743992.
2, 47, 5262617
What are the prime factors of 60955875?
3, 5, 18061
What are the prime factors of 74835366?
2, 3, 73, 170857
List the prime factors of 1075875745.
5, 7, 30739307
What are the prime factors of 44602257?
3, 7, 2123917
List the prime factors of 98340367.
101, 389, 2503
List the prime factors of 1705192233.
3, 568397411
What are the prime factors of 1991359709?
41, 1049, 46301
List the prime factors of 137921949.
3, 11, 269, 5179
What are the prime factors of 281897536?
2, 17, 15241
What are the prime factors of 153935690?
2, 5, 15393569
What are the prime factors of 403592202?
2, 3, 13, 409, 4217
What are the prime factors of 639664380?
2, 3, 5, 239, 14869
What are the prime factors of 50190949?
2203, 22783
What are the prime factors of 2303180167?
1087, 2118841
List the prime factors of 102099557.
7, 47, 310333
What are the prime factors of 1236502995?
3, 5, 7, 13, 19, 139
What are the prime factors of 551063154?
2, 3, 53, 1732903
What are the prime factors of 10537092?
2, 3, 29, 10093
List the prime factors of 2223219588.
2, 3, 41, 4518739
What are the prime factors of 44250333?
3, 97, 152063
List the prime factors of 3084636794.
2, 29, 37, 1437389
List the prime factors of 44471611.
53, 839087
What are the prime factors of 15106216?
2, 19, 23, 29, 149
What are the prime factors of 54133